25 and 9625.
175
What is the highest common factor of 45 and 980?
5
What is the greatest common factor of 24 and 68826?
6
What is the highest common divisor of 232 and 18144?
8
What is the greatest common divisor of 20080 and 30?
10
What is the greatest common factor of 151 and 211?
1
Calculate the greatest common factor of 5985 and 912.
57
What is the greatest common factor of 268 and 966274?
134
What is the greatest common factor of 56 and 286656?
8
Calculate the greatest common divisor of 383160 and 1648.
824
Calculate the highest common divisor of 12 and 32763.
3
Calculate the highest common factor of 470 and 218550.
470
Calculate the highest common factor of 2851640 and 440.
440
Calculate the highest common divisor of 832 and 31057.
13
What is the greatest common factor of 76 and 32924?
4
What is the greatest common factor of 535471 and 47?
47
Calculate the highest common divisor of 1584 and 357588.
396
Calculate the highest common divisor of 190432 and 64.
32
Calculate the highest common divisor of 29952 and 96564.
156
What is the highest common factor of 216 and 34140?
12
Calculate the highest common factor of 13515 and 42135.
795
Calculate the greatest common factor of 6942 and 27.
3
Calculate the highest common factor of 2064426 and 228.
114
Calculate the greatest common divisor of 14830 and 160.
10
Calculate the highest common factor of 47348 and 114.
38
Calculate the highest common factor of 361856 and 22.
22
What is the highest common divisor of 48077 and 1310?
131
What is the greatest common divisor of 87000 and 11310?
870
Calculate the highest common divisor of 63 and 79119.
9
Calculate the greatest common divisor of 70 and 970.
10
Calculate the highest common divisor of 7 and 2524424.
7
Calculate the highest common divisor of 11973 and 614.
307
What is the greatest common divisor of 236 and 7060412?
236
What is the highest common factor of 452784 and 48?
48
What is the highest common factor of 72 and 6992?
8
Calculate the highest common divisor of 346 and 261576.
346
Calculate the greatest common divisor of 1823548 and 5787.
643
What is the highest common divisor of 192 and 297120?
96
Calculate the highest common divisor of 128 and 467648.
64
What is the greatest common divisor of 6 and 5739?
3
What is the highest common divisor of 294 and 216531?
147
What is the greatest common factor of 1 and 20549?
1
Calculate the greatest common divisor of 207 and 10281.
69
Calculate the greatest common divisor of 1909 and 7153.
23
What is the highest common divisor of 32 and 47648?
32
What is the greatest common divisor of 665998 and 103?
103
Calculate the greatest common divisor of 170 and 20.
10
What is the greatest common factor of 63 and 126273?
21
Calculate the highest common factor of 5550 and 8650.
50
Calculate the greatest common divisor of 5 and 293.
1
What is the highest common factor of 230166 and 342?
342
Calculate the highest common factor of 912342 and 38.
38
What is the greatest common factor of 624766 and 6?
2
Calculate the highest common divisor of 6303449 and 1219.
1219
Calculate the greatest common factor of 2703 and 381.
3
Calculate the highest common divisor of 270 and 8940.
30
Calculate the highest common factor of 4058918 and 82.
82
What is the greatest common factor of 200 and 328?
8
What is the highest common divisor of 605 and 42515?
55
Calculate the greatest common divisor of 14275 and 33689.
571
What is the highest common factor of 4430224 and 2336?
1168
What is the greatest common divisor of 283343 and 67?
67
What is the highest common divisor of 1088 and 21233?
17
What is the highest common divisor of 1506366 and 36?
18
What is the highest common factor of 479346 and 3390?
678
Calculate the greatest common divisor of 3620 and 76.
4
Calculate the highest common factor of 14377 and 99.
11
What is the greatest common factor of 2421 and 747?
9
Calculate the highest common factor of 343 and 29519.
7
Calculate the greatest common divisor of 224497 and 39.
13
Calculate the greatest common factor of 3641 and 44.
11
Calculate the greatest common divisor of 335 and 372587.
67
Calculate the highest common factor of 9537 and 250563.
867
Calculate the greatest common factor of 19329 and 1632.
51
Calculate the greatest common divisor of 28864 and 32.
32
Calculate the highest common factor of 2104 and 976.
8
Calculate the greatest common factor of 736 and 152.
8
What is the highest common divisor of 1562 and 169974?
142
Calculate the highest common divisor of 49248 and 77112.
648
Calculate the greatest common factor of 3939 and 77871.
303
What is the greatest common factor of 452420 and 30?
10
What is the greatest common divisor of 334 and 159986?
334
What is the highest common factor of 5 and 449485?
5
What is the highest common divisor of 9130 and 1617836?
1826
Calculate the greatest common factor of 140 and 151175.
5
Calculate the highest common factor of 209 and 740639.
19
Calculate the greatest common factor of 70 and 512204.
14
Calculate the greatest common factor of 7235 and 85.
5
Calculate the greatest common factor of 546077 and 28.
7
Calculate the highest common factor of 932477 and 26.
13
What is the highest common divisor of 132 and 4125?
33
What is the greatest common divisor of 497 and 7511?
7
Calculate the highest common divisor of 10352 and 7184.
16
What is the greatest common factor of 194220 and 26?
26
Calculate the greatest common factor of 27198 and 5094.
18
What is the highest common factor of 1090 and 356840?
10
Calculate the highest common divisor of 2109 and 228.
57
Calculate the highest common factor of 25553 and 297.
11
Calculate the highest common factor of 6425330 and 20.
10
Calculate the highest common divisor of 36 and 81603.
9
What is the highest common factor of 124266 and 3129?
447
What is the highest common factor of 531 and 18939?
177
What is the greatest common factor of 9500 and 12500?
500
What is the greatest common factor of 161313 and 204?
51
Calculate the greatest common divisor of 295 and 37406.
59
What is the greatest common divisor of 4536 and 165?
3
What is the greatest common factor of 95 and 15485?
95
What is the greatest common divisor of 194 and 24347?
97
Calculate the highest common divisor of 24173 and 429859.
1051
What is the greatest common factor of 5076625 and 125?
125
What is the highest common divisor of 10074 and 421356?
438
What is the highest common factor of 1241539 and 301?
43
Calculate the greatest common divisor of 347568 and 416.
208
What is the highest common factor of 2021258 and 817?
817
What is the highest common divisor of 4128 and 1776?
48
What is the greatest common divisor of 1955 and 8483?
17
Calculate the highest common divisor of 13426 and 1568.
98
What is the greatest common divisor of 18950 and 100?
50
Calculate the highest common factor of 45 and 31575.
15
What is the greatest common divisor of 192 and 158?
2
Calculate the highest common factor of 380 and 3078.
38
Calculate the greatest common factor of 4572 and 16383.
381
What is the highest common divisor of 3184 and 9075992?
1592
Calculate the greatest common divisor of 295 and 1000.
5
What is the highest common factor of 525312 and 288?
288
Calculate the highest common divisor of 80181 and 48471.
453
What is the greatest common divisor of 15488 and 99?
11
What is the greatest common factor of 96 and 441552?
48
Calculate the greatest common factor of 800608 and 64.
32
Calculate the greatest common divisor of 126 and 413280.
126
What is the highest common divisor of 1351 and 7?
7
Calculate the highest common divisor of 28543 and 3519.
391
Calculate the greatest common divisor of 637 and 3178.
7
Calculate the greatest common factor of 465633 and 9336.
1167
What is the greatest common divisor of 26577 and 45?
9
Calculate the highest common factor of 22152 and 53976.
312
What is the highest common factor of 379546 and 23?
23
Calculate the highest common factor of 2619 and 69161.
97
Calculate the highest common divisor of 12 and 365436.
12
Calculate the greatest common divisor of 12 and 681.
3
Calculate the highest common factor of 78 and 174642.
78
What is the greatest common divisor of 418 and 528550?
22
Calculate the highest common divisor of 100675 and 125.
25
Calculate the greatest common f